4)
15
(15 - 4) + -23 + -13 + 18
-7
What is -7 + 1 + 3 + -12 + 5 - 7?
-17
-2 + (2 - -4) + 4 - (5 - 5)
8
Calculate (-2 - -8 - 6) + 6 + -33 + 3.
-24
What is 94 - 94 - (5 + 7 + 8)?
-20
Calculate 17 - (-1 + 40 + -9).
-13
What is 30 - (52 + 35 - 41)?
-16
(-10 - (3 + -14) - 7) + -6 + 1
-11
Evaluate -11 - (-10 + 11 + -8 - 3).
-1
-40 + 65 - (7 + 2)
16
Calculate 55 + -57 + (-9 - -7) + (-6 - 1).
-11
19 + (-1 - 11) - (-6 + -5 + 7)
11
What is 169 + -147 - (13 + 0 + -2) - 1?
10
28 - (15 + -24) - 20
17
Calculate -105 + 107 - (-10 + 0) - 14.
-2
Evaluate 29 + 1 + 4 + -8 + 4 + -9.
21
What is 18 - 0 - (29 - 5)?
-6
Calculate -1 + 1 + -1 + (36 + -13 - 21).
1
Evaluate -11 - (24 + (3 - 4 - -11 - 10)).
-35
Calculate (12 - 5 - (1 + 1)) + 2 + 1.
8
Evaluate 12 + (8 - 3) + -5.
12
Evaluate 11 - 1 - (-2 - (-15 - 2 - -7)).
2
Calculate -1 + 2 + 4 + -21 + (0 - -5).
-11
Calculate 6 + (-7 - ((7 - 10) + -7 + -19)).
28
What is the value of -16 + 17 - (-2 - (-13 + -3))?
-13
What is the value of -1 + (-3 - -19 - 19)?
-4
Evaluate (-10 - -59) + -26 - 7.
16
Evaluate 8 - (-11 + (-11 - -9 - -10)).
11
What is -26 - (-4 - 26) - (13 - -3)?
-12
Calculate -8 - (-30 - (-7 + -6)).
9
Calculate -7 + 0 + 16 + (15 - (-15 + 27)).
12
Evaluate 0 + (5 + -10 - 10 - -8).
-7
What is (0 + -10 - (-28 - -23)) + (70 - 44)?
21
-1 + -14 + 8 + -7
-14
What is -8 + (25 - 17) + -15?
-15
What is 30 - (4 + 17 + -12)?
21
What is the value of -9 - (-9 + 10 + 2 + -6 - 8)?
2
Calculate (7 + 4 + -6 + 0 - 11) + 14.
8
What is the value of -11 + 3 + 9 + (3 - 18)?
-14
-76 + 85 - ((-9 - 4) + -2)
24
What is (-64 - -37 - (-5 - 8)) + -4?
-18
Calculate -10 + (10 - -3) - 0.
3
Calculate -1 + -10 - (-30 + 29 + 10) - -8.
-12
Calculate -13 - -9 - -44 - 14.
26
Calculate 6 - (9 + 0 + -13).
10
Evaluate -1 + 50 + (1984 - 2052).
-19
11 + (-29 - (-12 + 23)) + 11
-18
What is the value of -15 + -5 + 1 + (0 - (-12 + 6))?
-13
Evaluate -5 - (12 + -7 - 21).
11
What is (-131 - (95 + -246)) + (1 + -2 - -10)?
29
13 + (13 - 3) + -14 - 24
-15
What is the value of -24 - (-16 + 25 + -47)?
14
20 + (7 - 23 - -9)
13
3 + 0 + -26 + 25 - (1 + 1)
0
What is -23 - -1 - (485 - 500) - 9?
-16
What is (-18 - -10) + -5 + 41 + 3 + -9?
22
-2 + 10 + -212 + 211
7
Calculate -8 + 4 + 28 + -10 + -4.
10
5 + (4 - 2) - (6 - 1)
2
Evaluate (1 - -8 - 5) + 1.
5
Calculate -2 + (-16 - -46) + -37.
-9
30 + -49 + (56 - 26)
11
Calculate -6 + -6 + (33 - 19).
2
What is 45 + -35 + -6 + -6 - 6?
-8
What is -12 + 22 + -37 + -2?
-29
Evaluate 9 + -17 + 4 + (-4 - -21) - 6.
7
6 + 4 + -14 - -16
12
1 + -37 + (-55 - 6 - -73)
-24
What is -25 + 15 + 0 + 11?
1
(18 + -2 - -3) + (-9 - -1)
11
Evaluate 18 - 19 - (-4 + (3 - (0 + -2))).
-2
Calculate (-15 + 15 - 8) + -7.
-15
What is 12 - (-19 + 2 + 29)?
0
What is -11 - ((-18 - -9) + 6)?
-8
What is 22 + (24 - (0 + 8))?
38
Evaluate 27 + -47 + 20 + -3.
-3
Evaluate (-13 - 4) + 65 + -45.
3
What is 16 + (-42 - -24) - 23?
-25
-19 - (7 - 32) - 41
-35
What is the value of 23 - (6 + 24 + -14)?
7
Evaluate 2 + (1 - -9 - ((-17 - -31) + -8)).
6
Evaluate -29 + 10 + (32 - 20).
-7
What is (11 - (6 + 4)) + (4 - -1) + -9?
-3
What is the value of (-1 - (1 + 4)) + (-25 + 18 - -17)?
4
20 - (3 - -1) - (12 + 40)
-36
What is the value of (15 - (14 - 8) - -15) + 4?
28
(-4 + 12 - -2) + (45 - 54)
1
What is the value of -9 + (-6 - -35) + -12?
8
-1 - 2 - (9 + -5) - (32 - 35)
-4
1 + -7 - -7 - -17 - (-3 + 0)
21
(8 - (-2 + -16 - -3)) + 3
26
-11 + (5 + 0 - ((-22 - -31) + -5))
-10
(-2 - -1 - -4) + 5 - (43 - 55)
20
Evaluate (38 + -41 - -6) + 18.
21
7 - 5 - (7 + -7)
2
What is the value of (-16 - -6) + 14 - 4?
0
What is the value of (-2 + 57 - 33) + -28?
-6
What is the value of 4 + (0 + -4 - -27) - (-5 - -6)?
26
What is the value of -1 + 15 + -1 + (10 - 47) + 41?
17
-6 - (-38 - (8 + -24))
16
What is (-5 - (-5 + 5 + -4)) + 1 - 11?
-11
What is the value of (-8 - -7) + -3 + -25?
-29
Calculate (13 + -13 - -6) + (1 - -10) + -3.
14
Calculate -33 - (-2 - (10 + 15)).
-6
-15 + (28 - (4 - -14))
-5
Calculate -9 - ((7 - (13 + -2)) + 8 + -34).
21
What is the value of (594 - 556) + -1 + -22?
15
What is 5 - (12 + 13 + -26) - -11?
17
-7 - (9 + 5 + 1 + -28)
6
-2 + (14 - 2 - (6 - (-12 - -17)))
9
What is -5 + (4 - 9) - -9 - 10?
-11
Evaluate 193 - 197 - ((18 - 1) + 0 + -2).
-19
Evaluate 1 - (2 - 5 - -1 - 7).
10
Evaluate -2 + (-5 - -13) + (7 - 10).
3
What is (-177 - -186) + (0 - (11 - 1)) - -15?
14
(5 - 26) + 12 + (1 - 4)
-12
-3 + -3 - (9 - (-3 + 9)) - -7
-2
What is the value of 18 + -5 - (42 + -28)?
-1
What is the value of 2 - (42 + -65 + 23)?
2
What is 10 - (-12 - 1) - 12?
11
What is the value of (-27 - (-20 - -23)) + 25?
-5
What is (2 - -1) + (31 - 35) + 4 + 0?
3
6 + -6 + 1 + 2 + -5
-2
What is the value of -11 + (-2 - (11 + -9)) - -11?
-4
What is -5 - (-11 - -16 - (-11 - 0))?
-21
-23 - (-32 - -37) - -37
9
Evaluate 17 + -12 + (-33 - -31).
3
What is -8 + (25 - 1 - ((-11 - 10) + 22))?
15
Evaluate -7 - (8 - 27) - (1 - -14).
-3
Calculate -11 + (15 - 10) + (1 - -2 - 3).
-6
Evaluate 10 + -12 + 28 + -23.
3
Evaluate -128 - -98 - (1 + -25).
-6
(23 - (-4 - -3)) + (15 - 42) + 25
22
(2 - (-13 + 33)) + 5
-13
What is -8 - (10 + -12 - -7)?
-13
What is -8 + (8 - (19 + -4)) - -4?
-11
-7 + 4 + (1 - 0 - (-1 + 2))
-3
What is (13 - (-4 - 0)) + (-41 - -46) + -6?
16
What is -14 + 7 + 12 + 2 + -2 + -12?
-7
Calculate -7 - (3 - (6 - 7 - 2)).
-13
Evaluate -524 - -555 - (48 - -3).
-20
What is (17 - 38) + (3 + -1 - -7)?
-12
-20 - (7 - 22) - (1 + -14)
8
20 + (2 - (9 + -21 - -9))
25
What is 16 + -48 + 3 + (-11 - -6)?
-34
What is -16 - (-17 - 5) - (11 - 0)?
-5
Calculate (-19 - (-21 + 8)) + (18 + 2 - 2).
12
Calculate 22 - (11 + (-19 - -12)).
18
Evaluate 141 - 135 - (0 - -2).
4
(-6 + 5 - -2) + -69 + 32
-36
Calculate 9 - 2 - (745 + -759).
21
Calculate (49 - 78 - -35) + 11 + -2.
15
What is the value of ((0 - -1) + -2 - (34 - 33)) + -4?
-6
What is the value of 14 + 5 + (-16 - (-17 + -6))?
26
Calculate -15 + 18 + (-4 - 1) + 16.
14
What is (-44 - -51) + (-2 + 0 - -5)?
10
What is the value of 3 + -1 + -220 + 224?
6
What is 616 - 612 - (0 + (-1 - 15) + -1)?
21
Evaluate -4 - (2 + (16 - 8)).
-14
Calculate 3 + (-26 - -17) - -1.
-5
What is 1 - 2 - 2 - ((-6 - -3) + 0)?
0
What is -18 - ((-1 - (-4 - -16)) + 6)?
-11
Calculate 0 + 8 + -5 + 19 + (5 - 24).
3
What is 23 - (9 - 4) - (25 + -11)?
4
12 - -19 - 12 - 14
5
What is the value of -2 + -1 - (1 + 1 + 0 + 0)?
-5
What is -3 + 22 + (12 - 10 - 11) + 1?
11
What is -9 + (45 - -6) + -6 + -7?
29
Evaluate (-63 - -64) + (-2 - -2 - (2 + 0)).
-1
Evaluate -1 + -18 - (0 + 2 + (151 - 156)).
-16
3 + (23 + -11 + -18 - (1 + 5))
-9
Calculate -4 + 2 - (-1 + (0 - 5)).
4
Calculate -13 + 8 - ((6 - (2 + -3)) + 1).
-13
What is the value of -11 + ((16 - 11) + 0 - (6 - 0))?
-12
What is the value of -1 - ((1 - 4) + 10 - (-11 - -14))?
-5
-25 + (17 - 0 - (-127 - -134)) + -5
-20
Evaluate 230 - 204 - ((10 - 1) + (-1 - 1)).
19
6 + -3 - (5 + -12)
10
What is 24 + 1 + -10 + 12 + -15 + 8?
20
0 + (4 - (-2 + (-6 - -5)))
7
Evaluate 5 + (-10 - (-13 + 16)).
-8
What is the value of -7 + 1 + (3 - -6) - (5 - 17)?
15
Evaluate (27 + -18 - (10 - -1)) + -1 - -44.
41
Evaluate (-8 + 19 - (-5 - -21)) + 0 + 24.
19
Evaluate -31 + (27 - (22 + -21)).
-5
What is the value of -14 - (-19 - -10) - 5?
-10
Calculate (-4 - (-1 - 19)) + (-1 - 28).
-13
What is (6 - -4) + -3 - (2 + 6)?
-1
What is the value of -2 + -16 + -221 + 213?
-26
35 + -50 + 25 - (-1 + -12)
23
11 + (9 - (32 - 16))
4
What is the value of 10 - 27 - (5 + -17)?
-5
Evaluate 58 + -20 - (-42 + 114).
-34
-5 + 12 - 20 - (7 + -3 + -6)
-11
Evaluate -197 + 201 + (1 - (1 + -2) - 1).
5
15 + (13 - 23 - 6)
-1
What is 1 + (-35 - -12) - (-11 + -1)?
-10
What is (5 - (-10 - 17)) + -74?
-42
What is the value of -12 + (5 - -17) + 5 + -11?
4
Evaluate 2 + 0 - ((8 - (7 + -16)) + -4).
-11
What is the value of (10 - (-39 + 70)) + 41?
20
What is the value of 19 + 1 - (-63 + 36 + 9)?
38
Calculate (-11 - 3) + (-144 - -191).
33
What is 8 + -8 + -3 + (-9 - 0)?
-12
Calculate -2 - (14 + -21 + (-3 - 2)) - -3.
13
Calculate (30 - (37 - 15)) + (1 - 4).
5
Evaluate 11 - (0 + 2) - (-112 + 84) - 8.
29
-10 + (0 - -1) + (-84 - -84)
-9
What is (-3 - (-10 - 3)) + -2 + -12?
-4
(-2 - (-2 + -15)) + (144 - 149)
10
Calculate 6 + -11 + 10 + 4.
9
What is 1 + 4 + 3 + (1 - 2)?
7
What is 3 + -2 - (4 - (4 - -3))?
4
(-4 + 2 - 2) + (45 - 42 - 1)
-2
What is -9